{"id":3,"date":"2022-09-09T18:53:40","date_gmt":"2022-09-09T16:53:40","guid":{"rendered":"https:\/\/psi-jaciel.pl\/?page_id=3"},"modified":"2025-03-05T22:14:30","modified_gmt":"2025-03-05T20:14:30","slug":"polityka-prywatnosci","status":"publish","type":"page","link":"https:\/\/psi-jaciel.pl\/index.php\/polityka-prywatnosci\/","title":{"rendered":"Polityka prywatno\u015bci"},"content":{"rendered":"<style>.kb-row-layout-id3_724fd9-e0 > .kt-row-column-wrap{align-content:start;}:where(.kb-row-layout-id3_724fd9-e0 > .kt-row-column-wrap) > .wp-block-kadence-column{justify-content:start;}.kb-row-layout-id3_724fd9-e0 > .kt-row-column-wrap{column-gap:var(--global-kb-gap-md, 2rem);row-gap:var(--global-kb-gap-md, 2rem);max-width:1200px;padding-top:var(--global-kb-spacing-sm, 1.5rem);padding-bottom:var(--global-kb-spacing-sm, 1.5rem);grid-template-columns:minmax(0, 1fr);}.kb-row-layout-id3_724fd9-e0 > .kt-row-layout-overlay{opacity:0.30;}@media all and (max-width: 1024px){.kb-row-layout-id3_724fd9-e0 > .kt-row-column-wrap{grid-template-columns:minmax(0, 1fr);}}@media all and (max-width: 767px){.kb-row-layout-id3_724fd9-e0 > .kt-row-column-wrap{grid-template-columns:minmax(0, 1fr);}}<\/style><div class=\"kb-row-layout-wrap kb-row-layout-id3_724fd9-e0 alignnone wp-block-kadence-rowlayout\"><div class=\"kt-row-column-wrap kt-has-1-columns kt-row-layout-equal kt-tab-layout-inherit kt-mobile-layout-row kt-row-valign-top kb-theme-content-width\">\n<style>.kadence-column3_31ee41-43 > .kt-inside-inner-col{padding-right:var(--global-kb-spacing-sm, 1.5rem);padding-left:var(--global-kb-spacing-sm, 1.5rem);}.kadence-column3_31ee41-43 > .kt-inside-inner-col,.kadence-column3_31ee41-43 > .kt-inside-inner-col:before{border-top-left-radius:0px;border-top-right-radius:0px;border-bottom-right-radius:0px;border-bottom-left-radius:0px;}.kadence-column3_31ee41-43 > .kt-inside-inner-col{column-gap:var(--global-kb-gap-sm, 1rem);}.kadence-column3_31ee41-43 > .kt-inside-inner-col{flex-direction:column;}.kadence-column3_31ee41-43 > .kt-inside-inner-col > .aligncenter{width:100%;}.kadence-column3_31ee41-43 > .kt-inside-inner-col:before{opacity:0.3;}.kadence-column3_31ee41-43{position:relative;}@media all and (max-width: 1024px){.kadence-column3_31ee41-43 > .kt-inside-inner-col{flex-direction:column;justify-content:center;}}@media all and (max-width: 767px){.kadence-column3_31ee41-43 > .kt-inside-inner-col{flex-direction:column;justify-content:center;}}<\/style>\n<div class=\"wp-block-kadence-column kadence-column3_31ee41-43\"><div class=\"kt-inside-inner-col\">\n<h2 class=\"wp-block-heading has-text-align-left\"><strong>Bezpiecze\u0144stwo powierzonych danych osobowych<\/strong><\/h2>\n\n\n\n<p>Schronisko informuje, \u017ce respektuj\u0105c prawo do prywatno\u015bci, gromadzi tylko te dane osobowe, kt\u00f3re s\u0105 niezb\u0119dne przy elektronicznej rejestracji w formularzu \u201eTablica og\u0142osze\u0144\u201d na naszej stronie internetowej i w wyniku interakcji na portalach spo\u0142eczno\u015bciowych oraz w trakcie korespondencji za po\u015brednictwem poczty elektronicznej. Ponadto dane osobowe, otrzymywane od U\u017cytkownik\u00f3w s\u0105 wykorzystywane wy\u0142\u0105cznie przez Schronisko w celach s\u0142u\u017cbowych (np. wys\u0142ania odpowiedzi na pytania U\u017cytkownika), dane s\u0105 gromadzone przez okres niezb\u0119dny do realizacji celu w jakim nast\u0105pi\u0142o przekazanie danych i obowi\u0105zk\u00f3w ustawowych wynikaj\u0105cych z przepis\u00f3w szczeg\u00f3\u0142owych, jakie musi spe\u0142nia\u0107 Schronisko (okresy przechowywania danych na potrzeby, np. ZUS, US) i z cel\u00f3w statutowych Schroniska (np. kontakt z osobami kt\u00f3re zaadoptowa\u0142y zwierz\u0119ta). Dane osobowe mog\u0105 by\u0107 r\u00f3wnie\u017c przekazane na podstawie stosownych um\u00f3w podmiotom \u015bwiadcz\u0105cym us\u0142ugi w zakresie gromadzenia i przechowywaniu danych, poczty elektronicznej i firmom serwisowym z bran\u017cy IT oraz us\u0142ug prawnych.<\/p>\n<\/div><\/div>\n\n<\/div><\/div>","protected":false},"excerpt":{"rendered":"<p>Bezpiecze\u0144stwo powierzonych danych osobowych Schronisko informuje, \u017ce respektuj\u0105c prawo do prywatno\u015bci, gromadzi tylko te dane osobowe, kt\u00f3re s\u0105 niezb\u0119dne przy elektronicznej rejestracji w formularzu \u201eTablica og\u0142osze\u0144\u201d na naszej stronie internetowej i w wyniku interakcji na portalach spo\u0142eczno\u015bciowych oraz w trakcie korespondencji za po\u015brednictwem poczty elektronicznej. Ponadto dane osobowe, otrzymywane od U\u017cytkownik\u00f3w s\u0105 wykorzystywane wy\u0142\u0105cznie przez&hellip;&nbsp;<a href=\"https:\/\/psi-jaciel.pl\/index.php\/polityka-prywatnosci\/\" rel=\"bookmark\">Dowiedz si\u0119 wi\u0119cej &raquo;<span class=\"screen-reader-text\">Polityka prywatno\u015bci<\/span><\/a><\/p>\n","protected":false},"author":1,"featured_media":0,"parent":0,"menu_order":0,"comment_status":"closed","ping_status":"open","template":"","meta":{"_acf_changed":false,"neve_meta_sidebar":"","neve_meta_container":"","neve_meta_enable_content_width":"","neve_meta_content_width":0,"neve_meta_title_alignment":"","neve_meta_author_avatar":"","neve_post_elements_order":"","neve_meta_disable_header":"","neve_meta_disable_footer":"","neve_meta_disable_title":"","footnotes":""},"class_list":["post-3","page","type-page","status-publish","hentry"],"acf":[],"_links":{"self":[{"href":"https:\/\/psi-jaciel.pl\/index.php\/wp-json\/wp\/v2\/pages\/3","targetHints":{"allow":["GET"]}}],"collection":[{"href":"https:\/\/psi-jaciel.pl\/index.php\/wp-json\/wp\/v2\/pages"}],"about":[{"href":"https:\/\/psi-jaciel.pl\/index.php\/wp-json\/wp\/v2\/types\/page"}],"author":[{"embeddable":true,"href":"https:\/\/psi-jaciel.pl\/index.php\/wp-json\/wp\/v2\/users\/1"}],"replies":[{"embeddable":true,"href":"https:\/\/psi-jaciel.pl\/index.php\/wp-json\/wp\/v2\/comments?post=3"}],"version-history":[{"count":10,"href":"https:\/\/psi-jaciel.pl\/index.php\/wp-json\/wp\/v2\/pages\/3\/revisions"}],"predecessor-version":[{"id":11008,"href":"https:\/\/psi-jaciel.pl\/index.php\/wp-json\/wp\/v2\/pages\/3\/revisions\/11008"}],"wp:attachment":[{"href":"https:\/\/psi-jaciel.pl\/index.php\/wp-json\/wp\/v2\/media?parent=3"}],"curies":[{"name":"wp","href":"https:\/\/api.w.org\/{rel}","templated":true}]}}